+ 13. What are the prime factors of x?
5, 19
Let n = -14 + 8. Let h(l) = l**3 + 5*l**2 - 5*l + 4. Let x be h(n). What are the prime factors of (-8)/x - (-7 - -5)?
2, 3
Let b(a) = a**2 + 16*a + 1189. List the prime factors of b(0).
29, 41
Let c be (-8)/12*69/1. Let a = c + 99. What are the prime factors of a?
53
List the prime factors of ((-64872)/(-54) + -4)/(2/3).
2, 449
Suppose 7*x = 29 + 20. Suppose 2*i - x*i = -450. List the prime factors of i.
2, 3, 5
Let a = -1765 + 2880. List the prime factors of a.
5, 223
Suppose 3*w - 9 - 9 = 0. List the prime factors of (8 - w) + (-1 - 3*-3).
2, 5
Let r(l) = 7*l**2 + l + 3. Let z be r(-7). Suppose 72*v - 69*v = z. What are the prime factors of v?
113
Suppose 0 = y - 2*y - 5*m + 5686, -3*y = 2*m - 17019. List the prime factors of y.
53, 107
Let n be ((-17)/102)/(2/(-12)). Let z be n + 0*(-1)/4. Let w(h) = 32*h**3 - h**2 + 2*h - 1. List the prime factors of w(z).
2
Let g = -42 + 72. Let f be (3 + -2 - 0) + -18. Let j = g + f. List the prime factors of j.
13
Suppose m + 2 = 6. Suppose 7*j = 3*t + m*j + 18, -3*j + 15 = 0. List the prime factors of 291/18 - t/(-6).
2
Suppose -150 = -2*d - 3*d. Let p = 33 - d. Suppose -s + 11 - p = 0. What are the prime factors of s?
2
Suppose 5*v = -2*q - 0*q + 102, -3*q = -3. Suppose -3*j - 2*o - 47 = 0, 2*j + v = 3*o + 6. Let f = j + 57. What are the prime factors of f?
2, 11
Suppose 3*o - 5*t + 28 = 9, 0 = -o - 4*t + 22. Let q(b) = 1 - b**o - 1 - 2*b + 10*b. List the prime factors of q(6).
2, 3
Let c(u) = 8*u + 27. Let r(i) = i**3 + 15*i**2 + 12*i - 19. Let w be r(-14). List the prime factors of c(w).
3, 11
Let l(g) = 23*g**2 - 87*g - 3. What are the prime factors of l(-15)?
3, 17, 127
Suppose -11*q - 7348 = -429. Let z = -318 - q. What are the prime factors of z?
311
Let w = 11965 - 7271. What are the prime factors of w?
2, 2347
List the prime factors of (-2380)/255*(-1506)/8.
7, 251
Suppose 2*m - 593 = -5*x, 0*x + 1126 = 4*m - 2*x. What are the prime factors of m?
2, 71
Suppose 5*d + 5*z + 0 = 25, 4*d = 4*z + 28. Suppose d*s - 212 = 2*s. What are the prime factors of s?
53
Suppose 2*z - 6 = -0*z. Suppose z*w = 6*w - 180. What are the prime factors of w?
2, 3, 5
List the prime factors of (57 + -262)*(0 - (-22)/(-10)).
11, 41
Let w = -27 - -22. Let y be (-76)/95*w/1. Suppose -y*o - 76 = -k, 4*k + 7*o = 2*o + 283. List the prime factors of k.
2, 3
Let f(d) = d**3 + 14*d**2 + 40*d + 7. Let j be f(-10). List the prime factors of 306 + (2 - 0 - j).
7, 43
Let p = 2143 + -1177. List the prime factors of p.
2, 3, 7, 23
Let f(i) = -i**2 + 48*i + 87. What are the prime factors of f(38)?
467
Let y = -51 + 31. Let g = -5 - y. Suppose 0 = -3*l - 3, -g = 4*w - 5*w + 4*l. What are the prime factors of w?
11
Suppose -r + 4*v + 10 = -18, -5*v - 125 = -5*r. What are the prime factors of 16/r - 656/(-6)?
2, 5, 11
Let k = -388 - -557. Suppose u - k = 21. List the prime factors of u.
2, 5, 19
Let f = -7 - 21. What are the prime factors of (-21)/f - (-154)/8?
2, 5
Let h(u) = -2*u + 5. Let i be h(0). Suppose 0 = 4*r - i - 3. Suppose -2*g = -6, -r*g = 2*w - 20 - 26. What are the prime factors of w?
2, 5
Let a = 1126 + -354. List the prime factors of a.
2, 193
Let x = 7 + -8. Let w be -1 + 3/(-1)*x. Suppose 4*r - w = 22. List the prime factors of r.
2, 3
Suppose u = 4, 0 = m + 3*m - 2*u - 4. Let j(l) = 15*l**2 + 2*l - 2. Let x be j(m). Let i = x + -99. What are the prime factors of i?
2, 5
What are the prime factors of 2517/6 + 13/(-26)?
419
Suppose -7*i - 3414 = -13*i. List the prime factors of i.
569
Suppose -38930 = -84*m + 67*m. What are the prime factors of m?
2, 5, 229
Suppose 4*g - 109 = 95. Suppose -3*r - g = -f + r, -r = 4. Suppose 12 = h - f. What are the prime factors of h?
47
List the prime factors of -1 + (-20960)/(-30) + (-4)/(-3).
3, 233
Let f be (-20)/(-6)*(14 - 5). Suppose -471 = f*q - 33*q. What are the prime factors of q?
157
Let w be 2*202*(3 - 2). Suppose -36*t + w = -32*t. What are the prime factors of t?
101
Let h(v) = -v**3 - 8*v**2 + 6*v + 4. Let c be h(-8). Let r = 3 - c. List the prime factors of r.
47
Suppose j = -j. Let r(b) = -2*b**2 + 36 - 2*b**2 + 3*b**2. List the prime factors of r(j).
2, 3
Suppose -5*d + 2*d = -9. Suppose -4*b + 132 = d*c, 5*c - 20 = -0. What are the prime factors of b?
2, 3, 5
Suppose -5*r + p = -8885, r - 10*p + 15*p = 1803. What are the prime factors of r?
2, 7, 127
Let o(p) = -p**3 + 9*p**2 + 8*p + 20. Let r be o(10). Let x(t) = 3*t + 49. What are the prime factors of x(r)?
7
Suppose 3*g = -0*g + 5*f + 1079, -5*g = -f - 1813. Suppose -g = -4*z - 115. List the prime factors of z.
2, 31
Let x be 5446/(-112) - (-3)/(-8). Suppose 3*t - 97 = -0*a - a, -2*t - 82 = -a. Let m = x + a. What are the prime factors of m?
3, 13
Let d(c) be the first derivative of -31*c**2 - 2*c - 1. What are the prime factors of d(-1)?
2, 3, 5
Let u be (0*(0 - 1))/(-1). Suppose -3*f = -5*x + 13, u = 3*x - 5*x + 4. What are the prime factors of 57 - 6*f/(-3)?
5, 11
List the prime factors of 7135*2/(20/6).
3, 1427
Let r be 5 + -3 + (2 + 0)*-1. Suppose 2*u + 6 = r, 5*q + 2*u - 253 = 3*u. List the prime factors of q.
2, 5
Suppose 4*z + q = 0, -5*z = 2*q + 2*q - 11. Let p be z - -4 - (0 - -3). Suppose 4*n = -2*c + 34 + 50, -5*c = p. What are the prime factors of n?
3, 7
Let q(b) = b**2 - 4*b + 5. Let c be q(3). Suppose -c*g + 5*i = g - 51, -2*i = -4*g + 68. Suppose g = h - 0*h. List the prime factors of h.
17
Let o(j) = 22*j**2 - 6*j - 2. List the prime factors of o(5).
2, 7, 37
Suppose -2*u + 4*u = 12. Suppose t - u = -t. Suppose 0 = t*i - 2*d - 63, -i + 17 = d + 1. List the prime factors of i.
19
Suppose -3*s = -3*k - 783, 3*s - 777 = -5*k + 10*k. List the prime factors of s.
2, 3, 11
Suppose -50*j = -57*j + 1841. What are the prime factors of j?
263
Suppose -19*m + 68798 - 13489 = 0. List the prime factors of m.
41, 71
Let k(s) = 2*s + 33. Let t be k(-14). Suppose -t*l + 3*q + 2*q + 10 = 0, -1 = l - 4*q. List the prime factors of l.
3
Suppose -3*r - g - 3*g = 10, -2*g - 8 = 0. Suppose -r*a - 4*i + 86 = 0, 8 + 4 = -3*i. List the prime factors of a.
3, 17
Let a(w) = 25*w + 1. Let q(t) = -124*t - 5. Let h(z) = -11*a(z) - 2*q(z). List the prime factors of h(-9).
2, 11
Suppose 5*m = -3*v - v + 211, -3*v + 12 = 0. Let g = m - 39. Suppose g = -t - 3*t + 260. List the prime factors of t.
5, 13
Suppose 4*j - 135 = 5*z, -4*j + 2*z = -156 + 6. Let v = 73 - j. Suppose 114 = 3*s + v. List the prime factors of s.
3
Let t(h) = -h + 5. Let w be t(-8). Let m be (-2)/1*(w + -14). Suppose b - 72 = -m*b. What are the prime factors of b?
2, 3
Suppose 6*h = 9*h - d - 1070, 3*h - 4*d = 1058. What are the prime factors of h?
2, 179
Let j(i) = 12*i**2 + 2*i - 1. Let p be j(1). Suppose p*w = 16*w. Suppose 5*n - 20 = w, -c - 391 = -6*c - 4*n. What are the prime factors of c?
3, 5
Let z be -4*1/(-32) - 8733/(-24). Suppose -4*p + v + z = -110, -4*v = 3*p - 346. What are the prime factors of p?
2, 59
Suppose 0 = 5*t + f - 2930 - 11785, 3*t + 4*f - 8829 = 0. What are the prime factors of t?
3, 109
List the prime factors of 9/2*(-18148)/(-117)*6.
2, 3, 349
Let j = 78 + -29. Suppose -j = p + 2*o, -2*p = 2*o + 122 - 14. Let d = p - -110. What are the prime factors of d?
3, 17
Let q = 9 - -13. Let o = 16 - q. What are the prime factors of o/(-2) + 10 - -2?
3, 5
Suppose -33 = 5*t + 2*r - 122, 7 = t - 5*r. Let a(p) = p**2 - 10*p - 20. What are the prime factors of a(t)?
3, 11
What are the prime factors of 46/(-6) + 7 + (-544)/(-6)?
2, 3, 5
Suppose 267*i + 41250 = 282*i. What are the prime factors of i?
2, 5, 11
Suppose -3*x + x = 0, 0 = d + 5*x - 1. Suppose -b - d = -5. List the prime factors of b.
2
Let f(i) = 457*i + 1. What are the prime factors of f(1)?
2, 229
Suppose 3177 + 1542 = 13*y. List the prime factors of y.
3, 11
Let w(k) = -k**3 + k + 9. Suppose 0 = -o + 3*o - 10. Suppose 3*z - o*z = 0. What are the prime factors of w(z)?
3
Suppose -4*x - 10 = -9*x. Let s = x + 3. Suppose -58 = -s*d + 22. List the prime factors of d.
2
Let c(b) be the first derivative of b**5/24 - b**4/4 - b**3/3 + 2. Let s(n) be the third derivative of c(n). List the prime factors of s(4).
2, 7
Suppose 268*c - 273*c = -1540. What are the prime factors of c?
2, 7, 11
Let m = 914 + 721. List the prime factors of m.
3, 5, 